nd 138.
3
What is the greatest common divisor of 37 and 16391?
37
What is the greatest common factor of 2898 and 3174?
138
What is the greatest common factor of 1458 and 54?
54
What is the greatest common factor of 135 and 1470?
15
What is the highest common factor of 630 and 75?
15
What is the highest common factor of 572 and 836?
44
What is the greatest common factor of 92 and 92?
92
Calculate the greatest common factor of 804 and 228.
12
What is the greatest common factor of 80 and 144?
16
Calculate the greatest common divisor of 16 and 3824.
16
Calculate the greatest common factor of 8961 and 309.
309
Calculate the highest common factor of 198 and 88.
22
Calculate the highest common factor of 9452 and 170.
34
What is the greatest common divisor of 588 and 756?
84
What is the highest common divisor of 777 and 105?
21
What is the highest common divisor of 22035 and 390?
195
What is the greatest common divisor of 20 and 90?
10
Calculate the highest common factor of 4956 and 336.
84
Calculate the highest common divisor of 215 and 129.
43
What is the greatest common divisor of 3183 and 12?
3
Calculate the highest common factor of 750 and 30.
30
Calculate the greatest common divisor of 16144 and 48.
16
Calculate the highest common factor of 12 and 588.
12
What is the greatest common divisor of 34 and 442?
34
Calculate the greatest common factor of 68 and 2363.
17
What is the greatest common divisor of 2 and 256?
2
Calculate the greatest common factor of 276 and 48.
12
Calculate the greatest common divisor of 44 and 3124.
44
What is the highest common factor of 153 and 18?
9
Calculate the highest common divisor of 82 and 46.
2
What is the highest common factor of 9 and 153?
9
What is the highest common divisor of 1 and 636?
1
Calculate the highest common divisor of 17 and 1207.
17
Calculate the highest common divisor of 1701 and 42.
21
What is the greatest common factor of 184 and 48?
8
Calculate the highest common factor of 28 and 126.
14
Calculate the greatest common divisor of 8046 and 486.
54
Calculate the highest common factor of 72 and 324.
36
Calculate the greatest common factor of 1075 and 40.
5
Calculate the highest common divisor of 340 and 180.
20
What is the greatest common factor of 299 and 115?
23
Calculate the highest common factor of 1155 and 9735.
165
Calculate the highest common factor of 22 and 319.
11
Calculate the greatest common divisor of 824 and 16.
8
What is the greatest common divisor of 299 and 13?
13
What is the highest common factor of 88 and 748?
44
What is the greatest common divisor of 651 and 589?
31
Calculate the highest common divisor of 1316 and 28.
28
What is the highest common divisor of 1 and 82?
1
Calculate the highest common factor of 124 and 2356.
124
What is the highest common factor of 1682 and 493?
29
Calculate the highest common factor of 48 and 600.
24
Calculate the greatest common factor of 80 and 10000.
80
Calculate the greatest common divisor of 12090 and 65.
65
Calculate the greatest common factor of 7 and 497.
7
Calculate the highest common divisor of 2522 and 286.
26
What is the highest common factor of 40 and 2400?
40
Calculate the greatest common factor of 12 and 4164.
12
What is the greatest common factor of 63 and 1953?
63
What is the highest common factor of 5327 and 14?
7
What is the greatest common factor of 168 and 196?
28
What is the highest common divisor of 448 and 48?
16
What is the highest common factor of 3318 and 42?
42
Calculate the highest common factor of 21 and 96.
3
Calculate the highest common divisor of 24 and 9.
3
Calculate the greatest common factor of 32 and 268.
4
What is the highest common factor of 165 and 121?
11
Calculate the highest common factor of 92 and 4.
4
Calculate the highest common divisor of 58 and 4118.
58
What is the greatest common divisor of 63 and 2268?
63
What is the highest common divisor of 6 and 636?
6
Calculate the highest common factor of 23 and 1127.
23
What is the highest common factor of 6981 and 39?
39
Calculate the greatest common factor of 60 and 1530.
30
Calculate the greatest common factor of 1206 and 24.
6
What is the highest common divisor of 45 and 12435?
15
Calculate the highest common divisor of 60 and 150.
30
Calculate the greatest common factor of 539 and 3311.
77
What is the highest common factor of 303 and 202?
101
What is the highest common divisor of 183 and 793?
61
What is the highest common divisor of 92 and 12?
4
Calculate the highest common factor of 105 and 280.
35
Calculate the greatest common divisor of 38 and 11419.
19
What is the greatest common divisor of 43953 and 598?
299
Calculate the highest common divisor of 923 and 39.
13
What is the greatest common divisor of 506 and 44?
22
Calculate the greatest common divisor of 123 and 1189.
41
What is the highest common divisor of 784 and 2499?
49
What is the greatest common divisor of 12 and 356?
4
Calculate the greatest common factor of 2548 and 98.
98
What is the greatest common divisor of 28 and 77?
7
What is the highest common factor of 9 and 2637?
9
What is the highest common divisor of 172 and 32?
4
Calculate the greatest common factor of 1 and 1398.
1
What is the greatest common divisor of 2812 and 190?
38
What is the greatest common factor of 96 and 270?
6
What is the highest common factor of 3611 and 23?
23
What is the highest common factor of 42 and 9?
3
What is the greatest common factor of 226 and 113?
113
Calculate the highest common factor of 3280 and 240.
80
Calculate the greatest common factor of 224 and 608.
32
What is the greatest common divisor of 43 and 43?
43
What is the highest common divisor of 6 and 246?
6
What is the highest common divisor of 448 and 24?
8
Calculate the highest common factor of 13 and 4121.
13
What is the highest common divisor of 798 and 42?
42
What is the highest common factor of 328 and 41?
41
Calculate the highest common divisor of 136 and 5644.
68
Calculate the greatest common factor of 1121 and 38.
19
What is the greatest common divisor of 31958 and 38?
38
Calculate the highest common factor of 1403 and 46.
23
What is the greatest common factor of 2883 and 372?
93
Calculate the greatest common divisor of 7695 and 120.
15
What is the highest common divisor of 300 and 8200?
100
Calculate the highest common divisor of 12 and 1840.
4
Calculate the greatest common factor of 5319 and 27.
27
What is the greatest common factor of 3537 and 27?
27
Calculate the highest common divisor of 30 and 135.
15
What is the greatest common divisor of 27 and 3267?
27
What is the highest common divisor of 14935 and 435?
145
Calculate the highest common divisor of 5585 and 5.
5
What is the highest common divisor of 8 and 64?
8
Calculate the highest common factor of 504 and 847.
7
Calculate the highest common divisor of 64 and 112.
16
Calculate the highest common factor of 590 and 60.
10
Calculate the highest common divisor of 210 and 12.
6
Calculate the greatest common divisor of 288 and 10476.
36
Calculate the highest common factor of 738 and 8446.
82
Calculate the greatest common divisor of 435 and 45.
15
Calculate the greatest common factor of 81 and 2808.
27
Calculate the highest common factor of 84 and 189.
21
Calculate the greatest common divisor of 770 and 840.
70
Calculate the greatest common divisor of 4 and 21952.
4
Calculate the highest common factor of 8 and 252.
4
What is the greatest common factor of 721 and 14?
7
What is the greatest common factor of 63 and 621?
9
Calculate the greatest common divisor of 7139 and 121.
121
Calculate the greatest common divisor of 8085 and 165.
165
Calculate the highest common factor of 8 and 18.
2
What is the highest common factor of 7 and 6671?
7
Calculate the greatest common factor of 460 and 5428.
92
Calculate the highest common divisor of 876 and 1884.
12
Calculate the highest common factor of 756 and 28.
28
What is the highest common factor of 430 and 90?
10
Calculate the highest common factor of 371 and 21.
7
What is the greatest common divisor of 2385 and 315?
45
What is the highest common divisor of 24 and 84?
12
What is the highest common factor of 144 and 96?
48
Calculate the highest common factor of 215 and 1892.
43
What is the greatest common factor of 78 and 273?
39
Calculate the gr